 p = -9. What is the units digit of z?
3
Let x = 190 + -75. What is the tens digit of x?
1
Let j(u) = -u**3 + 7*u**2 + 9*u - 6. Let y be j(8). Suppose -y*x = x - 21. What is the units digit of x?
7
Suppose 0*v - 5 = -5*v. Let w(s) = 19*s**3 - 2*s**2 + s. What is the units digit of w(v)?
8
Suppose 4*u + 3*p = 22, 2*u = 6*u - 5*p - 6. Suppose 4*i + 2*f = 122, 4*i + u*f = 44 + 80. What is the tens digit of i?
3
Let o(v) = 6*v + 7. Let c be o(-2). Let z(d) = 5*d**3 - d**2 + 2*d - 1. Let j be z(1). What is the units digit of c/(-2)*28/j?
4
Let f(j) = -138*j**3 - 2*j**2 - 4*j - 3. What is the units digit of f(-1)?
7
Let y(a) = a - 4*a**2 + 4 + 0*a + 15 + 5*a**2. What is the tens digit of y(0)?
1
Let s = 0 - -1. Let z be (8/(-10))/((-6)/15). What is the tens digit of 8/s + z/1?
1
What is the units digit of (-3 - 1 - -6) + 51?
3
Let p(j) be the first derivative of j**4/4 - 11*j**3/3 - 7*j**2 - 1. Let f be p(12). What is the tens digit of f/(-2) - (1 - 2)?
1
Suppose 0*j - 3 = j. Let s be 4/(-8)*(j - 1). Suppose 10 = -5*m, x - 9 = -m + s*m. What is the units digit of x?
7
What is the tens digit of (0 - ((-3)/2 + 2))*-262?
3
Suppose 2*j = 3*n - 2*j + 24, 3 = j. Let q be n/(-10) - 8/20. What is the units digit of (-2)/4*q + 3?
3
Let n = 29 + -6. Suppose 2*w + 8 = -k, -3*w + 23 = -k - 0*w. Let f = k + n. What is the units digit of f?
9
What is the units digit of (14/(-42))/((-1)/15)?
5
Let l = 2 + 0. Suppose -13 = -3*h + l. Suppose -11 = -3*o + 2*o + 5*u, -h*o - 5*u + 55 = 0. What is the units digit of o?
1
Let o be 1 + 0 - 2/(-2). What is the units digit of (0 - 2)*o/(-2)?
2
Suppose -4*h - c = -753, 0 = 4*h - 6*c + 9*c - 755. What is the tens digit of h?
8
Let c(y) = -y**2 + 3*y + 10. Let t be c(5). Suppose t = -3*j + 3 - 0. What is the units digit of j?
1
Let q = 43 + -67. What is the units digit of 16/q*21/(-2)?
7
Suppose -43*c + 44*c - 32 = 0. What is the tens digit of c?
3
Let r = 1 - 0. Let n = r - 0. Let z = 1 + n. What is the units digit of z?
2
Let p(t) = 15*t - 15. What is the units digit of p(5)?
0
Let g(f) = f**3 - 2*f**2 - 7*f + 1. What is the hundreds digit of g(6)?
1
What is the tens digit of (3 + 5/15)*(-456)/(-10)?
5
Let g = 3 - 18. Let v = 65 + g. Suppose -3*c - v = -5*r, -2*c + 31 = 5*r - 19. What is the units digit of r?
0
What is the units digit of 3078/135*(-10)/(-3)?
6
Suppose 46 + 44 = 5*n. What is the tens digit of n?
1
Suppose -2*z + 3*m + 182 = -357, 3*z - 807 = 4*m. What is the units digit of z?
5
Suppose -r + 30 = -0*r. Let g(w) = -w**2 + 17*w - 58. Let x be g(14). Let p = x + r. What is the tens digit of p?
1
Let c be (-2)/(-7) - (-2418)/14. Suppose -4*t + c = 1. Let z = t + -26. What is the tens digit of z?
1
Suppose 4*h - 18 = -2*f + 4*f, -21 = -h - 5*f. What is the units digit of h?
6
Let v = -94 - -243. What is the units digit of v?
9
Suppose -4*l + 4 + 8 = 0. Suppose s + l*s = 92. What is the tens digit of s?
2
Let g(k) = 3*k - 1. Let c(w) = w + 10. Let i be c(-8). What is the units digit of g(i)?
5
Suppose -z + 3*c = -18, -z - 3*c + c = 2. What is the tens digit of 3/(z/(-4)) + 16?
1
What is the tens digit of 330/(-20)*(-2)/3?
1
Let t(x) = -x**2 - 7*x. Let p be (-1)/4 - 54/8. Let c be t(p). Suppose -1 = -m - c. What is the units digit of m?
1
Let p(i) = i**2 - 5*i + 1. Let g be p(6). Suppose -144 = g*w - 3*w. What is the units digit of (0 - 0) + w/(-4)?
9
Let y = -132 + 32. Let s be (-12)/4*y/6. Suppose 0 = j + 4*j - s. What is the tens digit of j?
1
Let h(z) = 2*z + 23. Let o = -4 + 4. What is the tens digit of h(o)?
2
Suppose -3*y - 4 = -4*y. What is the tens digit of y/6*-21*-1?
1
Let g(k) be the first derivative of -2*k**2 - 2. Let c be g(-2). Suppose -5*l - d = -29, 2*l - 3*d - c = 7. What is the units digit of l?
6
Suppose 144 = -s + 4*s. Suppose 0 = -4*o - 20, 5*v + o - 37 = s. What is the tens digit of v?
1
Let o(g) = g + 4. Let f(x) = x**2 - 2*x - 3. Let u be f(3). Let l be o(u). Suppose -2 = l*m - 26. What is the units digit of m?
6
Let j = 129 - 54. What is the tens digit of j?
7
Suppose 26 = -3*f + 296. What is the tens digit of f?
9
Suppose 2*i - 5*i - 57 = 0. Let u = i - -20. What is the units digit of u?
1
Let g(w) = 11*w + 20 - 11*w - w**2. What is the tens digit of g(0)?
2
Let c be (8/12)/((-1)/(-3)). Suppose -2*o = -4*q + 34, -5*q - o = c*o - 70. Suppose 4*t = y + y + 14, -4*t - 3*y - q = 0. What is the units digit of t?
1
Let w = -56 - -414. Let s be w/12 - (-5)/30. What is the tens digit of (s/35)/(1/14)?
1
Let l(d) = d + 1. Let s(h) = -h - 1. Let a(r) = -l(r) - 2*s(r). Let y(b) = -b - 5. Let g(w) = -4*a(w) - y(w). What is the units digit of g(-5)?
6
Let f(b) = -b**2 - 7*b - 9. Let u(s) = 1. Let c(o) = -f(o) - 3*u(o). Let l be c(-6). Suppose -2*y + l*k + 8 = -2*k, 0 = 5*y + 5*k. What is the units digit of y?
2
Let j = -4 + 7. What is the units digit of -1 + (-1)/(j/(-12))?
3
Let j(p) = p**2 + 6*p - 11. Let d(s) = -s**3 + 8*s**2 - 7*s - 8. Let u be d(7). What is the units digit of j(u)?
5
Let c(a) = -2*a**3 - 5*a**2 - 2*a + 3. Suppose -4*d - 7 = 5. What is the tens digit of c(d)?
1
Let a(g) = -g**2 + 5*g + 2. Let s = -2 - -6. What is the units digit of a(s)?
6
Let c = 60 + -40. What is the units digit of c?
0
Let n(w) = w**3 - 7*w**2 + 10*w - 9. Let o = 5 - -1. Suppose f = 2*f - o. What is the units digit of n(f)?
5
Suppose 0 = -n - 5*d + 36, 2*d - 120 = -3*n - d. What is the units digit of n?
1
Let x = 13 - 8. Let t(b) = -9 - 2*b + 2 + 4*b. What is the units digit of t(x)?
3
Suppose 41 = 5*h + 6. Suppose 0 = -4*n - h + 79. What is the tens digit of n?
1
Let p(s) = -3*s**3 - s**2. Let d be p(1). Let h(x) = -4*x. Let y be h(d). What is the units digit of 5/(10/y) + -2?
6
Let q be 2*(-2)/12*0. Suppose 2*f - 2*s - 48 = 0, q*f - 4*s + 14 = f. What is the tens digit of f?
2
Let h = 21 + 271. What is the hundreds digit of h?
2
Let h = -14 - -144. What is the tens digit of h?
3
Suppose -u + 1 = -1. Let b = -61 - -61. Suppose b*o - 2*d = -3*o + 7, -o + d + u = 0. What is the units digit of o?
3
Let i(p) = 94*p - 2. What is the hundreds digit of i(2)?
1
Let g = -9 - -9. Suppose g*q = 4*q - 88. What is the tens digit of q?
2
Let m = -3 - -45. What is the tens digit of m?
4
Suppose 0*w - 4 = -2*w. Suppose w*x + 30 = 5*r, -r + 3*r - 4*x = -4. Suppose k = i + r, 0*i = -i + 1. What is the units digit of k?
9
Let h(n) = 9 - 5 + 2*n + 1. Let j be h(7). Let c = j - 11. What is the units digit of c?
8
Suppose -2*w = 2 - 12. Let u(h) = -h**3 - 4*h**2 + 5*h + 3. Let a be u(-5). Suppose -a*d + 7 = -w. What is the units digit of d?
4
Let h be 6/(-2 + (-7)/(-2)). Suppose -6*a + h = -2*a. What is the units digit of a?
1
Suppose 10 = 3*q + 2*q. Let l(w) = 2*w**2 + w - 1. Let k be l(q). Suppose -5*h = -k - 46. What is the tens digit of h?
1
Suppose -v = -2*j - 9, 4*v - 5*j = 9 + 21. Suppose 0 = 2*b - 34 - 8. Suppose -25 = -5*i, 0*p + 4*p - v*i + b = 0. What is the units digit of p?
1
Let m(o) = o**3 + 2*o**2 - 3*o + 4. Let k be m(-3). What is the units digit of 3 + -1 - (-4)/k?
3
What is the tens digit of 3 - (7*15)/(-3)?
3
Let w be -1 + (-3 + 1)/(-2). Let o be (-2)/4*(w - -2). What is the units digit of (-6)/((1 - -1)/o)?
3
Let z(l) = -98*l. Let f(n) = -33*n. Let s(j) = -8*f(j) + 3*z(j). Let m be s(1). What is the units digit of (-3 + m)*(-2)/6?
1
Suppose -3*p + y = -26, -p + y + 19 = p. Suppose 0 = p*h - 6*h - 40. What is the tens digit of h?
4
Suppose -m - 4*m = 5*d - 120, 2*m + 120 = 4*d. What is the units digit of d?
8
Suppose 4*j = -2*n + 118, 59 = n - 0*j + j. Suppose n + 31 = 4*d + 2*g, -2*d + 42 = 4*g. What is the tens digit of d?
2
Let z(x) = x - 1. Let j(h) be the third derivative of h**4/24 - 2*h**3/3 + 4*h**2. Let c(p) = j(p) - 2*z(p). What is the units digit of c(-5)?
3
Let q(h) = -3*h**2 + 12*h + 22. Let v(k) = 2*k**2 - 8*k - 15. Let a(z) = 5*q(z) + 7*v(z). Let n be a(5). Suppose n = 4*x - x - 21. What is the units digit of x?
7
Let s = 108 + -70. Let i be (-1)/(-3) - s/6. Let f = 1 - i. What is the units digit of f?
7
Let w(s) = -7*s + 9. What is the hundreds digit of w(-15)?
1
Let v(h) = 5*h**3 - 2*h**2 - h - 2. What is the tens digit of v(2)?
2
Let d(x) = -2*x + 9. Let k be d(8). Let h(j) be the second derivative of j**5/20 + j**4/2 - 11*j**3/6 - 4*j**2 + 6*j. What is the units digit of h(k)?
0
Let b = 27